 - 0*p - 2*p, -4*y + 5*p + 35 = 0. Let z = 95 - y. Let m be 45/(-3)*(-2)/3. What is the highest common factor of m and z?
10
Suppose 16*b - 13*b = 3*v - 84, -3*v = 5*b - 108. Calculate the highest common factor of v and 217.
31
Let j(p) = -p**3 + 7*p**2 - 9*p - 7. Let v be j(5). Let x be ((-3)/(-6))/(v/120*-3). What is the greatest common factor of 10 and x?
10
Let v = -42 - -51. Suppose -2*m = -v*m + 63. Suppose 5*c + 3*h - 495 = 0, -5*c + 2*h + 495 = -h. Calculate the greatest common divisor of c and m.
9
Let j = 42 - 21. Suppose 195 = 3*q - j. What is the highest common divisor of 9 and q?
9
Let d be (3 - -5)/(4/44). Let p = -76 + d. What is the greatest common divisor of 4 and p?
4
Let z be -18*(3 + 77/(-21)). Let q = 13 + -10. Calculate the highest common divisor of q and z.
3
Suppose 21*g = 96 + 198. Calculate the highest common factor of 1120 and g.
14
Let v(f) = f**2 - 2*f + 9. Let m(p) = 2*p**2 - 3*p + 19. Let j(n) = 6*m(n) - 11*v(n). Let u be j(-9). Calculate the highest common divisor of u and 20.
20
Let k(g) = -18*g + 352. Let b be k(19). Let n = 107 + -37. Calculate the greatest common factor of b and n.
10
Let d(z) = -2 - z**2 - 8*z + 3 - 5. Let n be d(-7). Let k be n + (4 - (0 + 3)). Calculate the greatest common factor of 8 and k.
4
Let g = 314 - 311. What is the greatest common divisor of g and 57?
3
Let i be 44*(-15)/(180/(-24)). What is the highest common factor of i and 32?
8
Let v be ((-2)/8)/((-4)/80). Suppose -5*x + 20 = -v. Suppose x*o = 4*o + 22. What is the highest common factor of o and 33?
11
Let x(c) = -27*c + 311. Let s be x(11). What is the highest common divisor of s and 140?
14
Let q(w) = -w + 9. Let x be q(-2). Let d = 101 - x. Suppose 0 = -0*j - 4*j + 40. What is the greatest common factor of d and j?
10
Suppose -3*a + 8 = -4*y + 2*a, y + 5 = 2*a. Suppose -13 - 5 = -y*q. What is the greatest common factor of q and 2?
2
Suppose 7 = -3*f - s + 21, 2*f + 5*s - 31 = 0. Let d be 2 + -3 + (20 - (f - 0)). Suppose 5*r + 0 = 20. What is the greatest common factor of d and r?
4
Let c(s) = -s + 53. Let x be c(8). What is the greatest common factor of 105 and x?
15
Suppose 4*r = 4*t - 112, 103 = 3*t - 2*r + 15. Suppose 7*m = m + 1920. Calculate the highest common factor of m and t.
32
Suppose -13*x + 172 = -335. What is the greatest common divisor of x and 741?
39
Let s be (-18)/(-14) - 2/7. Let m = 40 - 46. Let n be (-4)/(m/(6/2)). Calculate the greatest common divisor of n and s.
1
Let w = -110 - -165. Let z be ((-75)/(-50))/((-6)/(-44)). What is the highest common factor of w and z?
11
Suppose -44*u + 164 = -3*u. Let s be 3/(-12) + 514/8. What is the highest common divisor of s and u?
4
Let a(h) = -8*h + 124. Let k be a(15). What is the greatest common divisor of 31 and k?
1
Let l be (-550)/(-6)*(-3)/(-5). Let g = 4 + 40. Calculate the highest common factor of g and l.
11
Let q(m) = -m**2 + 23*m + 39. Suppose -5*a = 4*t - 116, -2*a + 0*a - 2*t + 46 = 0. Let r be q(a). What is the highest common factor of 120 and r?
15
Suppose 2*h = 5*y - 1, -h + 4*h + 5*y = 11. Let n be 12/(-10)*50/(-15). Suppose n*m - 2 = 3*m. Calculate the highest common factor of m and h.
2
Suppose 5*q - 35 - 640 = 0. Suppose 4*d - 5*d + q = 0. Calculate the greatest common factor of d and 15.
15
Let i = -1 + 5. Suppose -12 = i*o, 2*k - 18 = 4*o + 34. Let m(r) = 5*r**2 + 9*r - 2. Let x be m(-7). What is the greatest common factor of x and k?
20
Let l(u) = 7*u**3 + 1. Let d be l(1). Let s = -3032 + 3072. What is the highest common factor of s and d?
8
Suppose 4*b - 3*j - 70 = 35, -3*j + 3 = 0. Suppose -3*t = 5*k - 198, -t = -2*k + 50 + b. Calculate the highest common factor of 3 and k.
3
Suppose -8*g + 51 = -29. Suppose 112 = -g*m + 17*m. What is the highest common factor of m and 16?
16
Let y(j) = 12*j**2 - 6*j - 10. Let n be y(-7). Suppose 0 = 4*d + d - n. Let w be (19/38)/(2/d). Calculate the greatest common divisor of 31 and w.
31
Suppose -3*o + 11*r + 36 = 8*r, -o + 2*r + 14 = 0. Suppose o*f - 27 = 53. What is the greatest common factor of 24 and f?
8
Let p(y) = 45*y**3. Let l be p(1). Suppose 0 = 2*i - 6 - 4. Let s be (i/15)/((-2)/(-30)). Calculate the highest common divisor of s and l.
5
Let i be (-3)/(-2)*(-3 + 5). Suppose -a = -i*r + 11, r - 10 = -r. Suppose 55 = a*p - 477. Calculate the greatest common factor of 19 and p.
19
Suppose 0 = -5*j + 3*c + 69, -21*c - 24 = -2*j - 18*c. Calculate the highest common factor of 195 and j.
15
Let b(l) be the third derivative of l**5/60 - l**4/4 + 5*l**3/3 + 2*l**2. Let g be b(10). Let d = 50 + -40. What is the highest common divisor of d and g?
10
Let k = -764 - -896. Let f(d) = 11*d. Let r be f(4). Calculate the highest common factor of k and r.
44
Suppose -24*a + 73346 = 2*a. What is the greatest common divisor of a and 91?
91
Suppose 2*o - 5*r - 1676 = 0, -2*r + 2228 = 4*o - 1100. What is the highest common divisor of 196 and o?
49
Let s(p) = -4*p + 12. Let w be s(3). Suppose 44*a - 47*a + 270 = w. Calculate the greatest common divisor of 30 and a.
30
Let l = 3 + 2. Suppose 14 = 4*b + l*f, b + f - 4 = -b. Let u = b - -9. What is the greatest common factor of 90 and u?
10
Let z be ((-51)/(-2))/(30/20). Let d = z - 16. What is the highest common factor of 8 and d?
1
Let h(o) = -5*o**2 + 9*o - 13. Let z be h(4). Let c = -46 - z. What is the greatest common factor of 99 and c?
11
Suppose -34*r + 960 = -28*r. Suppose 5*v + 0*b - 5*b = r, -v - 3*b = -16. Calculate the greatest common factor of v and 7.
7
Let d(f) = -f**3 + 10*f**2 - 9*f. Suppose -u = 4*u - 40. Let x be u + -11 + 5*2. Let h be d(x). What is the highest common factor of h and 12?
12
Suppose 0 = 15*l - 4007 - 3418. What is the highest common divisor of 55 and l?
55
Let g(p) = 52*p**2 + 5*p - 2. Let u be g(-4). Suppose u = 5*q + q. What is the greatest common divisor of q and 27?
27
Suppose -62 = 2*w + 134. Let v = w + 193. Suppose 4*d + a = 76, 2*d - a - 38 = -0*a. Calculate the highest common divisor of d and v.
19
Suppose 324*g - 112 = 320*g. What is the greatest common factor of g and 70?
14
Let i(f) = f**3 + 7*f**2 + 9*f - 4. Let z be i(-5). Let u be (-110)/(1/z)*(-16)/20. What is the highest common factor of 11 and u?
11
Let l(v) = 3*v**3 - 4*v**2 - 2. Let s be l(4). Suppose 0 = -4*i - 3*q + 68, 0 = -2*i + 2*q - q + 24. Calculate the greatest common factor of s and i.
14
Let o be 2/(1 + (-4)/12). Let m(w) = 6*w**2 + 4*w**o + 0*w**3 - 6 - 3*w**3 - 1 + 3*w. Let a be m(-5). Calculate the highest common divisor of a and 6.
3
Suppose 4*s - 10 = -6. Let q be (-19)/7 - (-2)/(-7). Let u(r) = r + 5. Let x be u(q). What is the highest common divisor of x and s?
1
Suppose y - 4*y + 216 = 0. Let x = y - 58. Calculate the highest common divisor of 154 and x.
14
Let w(c) = -25*c - 53. Let r(p) = -8*p - 18. Let u(h) = 7*r(h) - 2*w(h). Let l be u(-4). Calculate the greatest common factor of l and 36.
4
Let y be (-4)/14 + (-64)/(-28). Let l be (-1345)/(-25) + y/10. Suppose 27 = 8*x - 45. Calculate the greatest common factor of l and x.
9
Let u = -2 - -6. Let o(y) = -10*y + 122. Let q be o(12). Calculate the greatest common divisor of q and u.
2
Let a(r) = 26*r + 28. Let z be a(15). What is the highest common factor of 66 and z?
22
Let s(g) = 4*g + 2. Let q be s(-2). Let x = -1 - q. Let v be ((-16)/64)/(1/(-4)). What is the greatest common divisor of x and v?
1
Let p be 0*(3/18)/(2/(-4)). Suppose p = -8*h - 7*h + 4800. What is the highest common factor of h and 40?
40
Let l be (-132)/1*-21 - -4. What is the highest common factor of l and 8?
8
Let u be 10/25*(-10)/(-4). Let i be u*(4 - 0) + 2. Suppose -2*c + 4*c - i = 0. What is the highest common divisor of c and 6?
3
Suppose -7462 = 7*c - 89*c. Calculate the highest common divisor of c and 42.
7
Let c(m) = m**3 + 5*m**2 - 4. Let q be c(-4). Let n = -37 + 32. Let k(o) = -2*o - 7. Let f be k(n). Calculate the highest common factor of f and q.
3
Suppose -2*y + 72 = -2*d, 10*y + d = 5*y + 198. Suppose -5*q + 129 = y. Let w = 703 - 691. Calculate the greatest common divisor of w and q.
6
Let f be 0 - 113/(-5) - 45/75. Calculate the greatest common factor of 154 and f.
22
Suppose -26 = s - 115. Let c = s + -64. Calculate the highest common factor of c and 200.
25
Suppose 0*p - 1916 = -p + 5*u, 0 = -3*p 